?
2, 5
Let z = -2 + 7. Suppose -2*f + 23 = j + 4*j, z*j - 24 = -f. List the prime factors of (8/10)/(f/(-5)).
2
Let m(w) be the second derivative of -3*w - 3/2*w**3 + 0 + 5/2*w**2 + 1/12*w**4. List the prime factors of m(10).
3, 5
What are the prime factors of (40806/(-27) - 2)/((-4)/6)?
2, 5, 227
Suppose 3*g = 4*t + 173, 0*t - 220 = 5*t - 5*g. Let y = t + 107. What are the prime factors of y?
2, 3, 11
Suppose 5*o - 22 = 63. Suppose 14*r = -4*c + o*r + 1401, c + 4*r - 355 = 0. What are the prime factors of c?
3, 13
Let y = -1284 + 2108. Suppose 13*q - 281 = y. What are the prime factors of q?
5, 17
Let h(l) = -5*l**2 - 5*l - 4. Let c(j) = 2*j**2 + 3*j + 2. Let s(q) = 7*c(q) + 3*h(q). Let k be s(6). List the prime factors of k/(-2)*1*-16.
2
Let m(v) = v**2 + 2*v + 2. Let l be m(-2). Let o = -32 + 80. Suppose h = 3*z - l, 4*h + 2*z = -0*z + o. What are the prime factors of h?
2, 5
Suppose 7 + 17 = 6*t. Suppose t*k = 270 + 58. What are the prime factors of k?
2, 41
Let s = -12 - -16. Suppose -5*d = y + 2, s*d + 0 = -3*y + 16. Suppose y - 1 = w. List the prime factors of w.
7
Suppose 2*w = -2 + 16. Let d(v) = v**2 - 7*v + 4. Let h be d(w). Suppose c = j + 10, 60 = 5*c + h*j + j. What are the prime factors of c?
11
Suppose -2*v = -3*v + 4. Suppose 20 = 4*k + v. Suppose 2*a - 78 = -3*n, k*a - 2*a = 2*n - 62. What are the prime factors of n?
2, 7
What are the prime factors of (10190/(-40))/((-7)/56)?
2, 1019
Let i = 4 - -10. Let n = i - 7. What are the prime factors of n + (-2)/((-8)/4)?
2
Suppose -24 = -5*b + 6. Suppose h = -2*i + 83 + 3, -3*i + 124 = -h. List the prime factors of ((-9)/b)/((-9)/i).
7
Suppose -4*a + 12 = 4. Suppose u + a*u = 15. Suppose u*v - v = 196. What are the prime factors of v?
7
What are the prime factors of (496/10)/(16/400)?
2, 5, 31
Suppose -7 = -v - w, 4*w = 7*w + 6. List the prime factors of v.
3
Let n(s) = -s**2 + 12*s - 2. Let l be 3/(-1 - 7/(-4)). Suppose -3*q = q - 4*h - 36, -l*q + 34 = -2*h. List the prime factors of n(q).
2, 3, 5
Let g = 1843 - 1019. List the prime factors of g.
2, 103
List the prime factors of (16/(-10))/((-13)/2210) + 3.
5, 11
Let t(c) = c**2 + 15*c - 8. Let v be t(10). Suppose -5*o - v = -712. What are the prime factors of o?
2, 47
Let c = -5 + 10. Suppose -2*m - 5 = -3*m, 0 = b - c*m - 23. What are the prime factors of b?
2, 3
Let g = 748 + -142. What are the prime factors of g?
2, 3, 101
Let a be (1 - 4) + 0 - -284. Let c = a - 155. Suppose 0 = 5*n - c - 4. List the prime factors of n.
2, 13
Suppose -4*f + 1 = -i, -3*i - 5*f + f - 3 = 0. Let r(y) = -32*y**3 + y**2 - 2*y - 2. What are the prime factors of r(i)?
3, 11
Let s(d) be the first derivative of -d**4/4 - 14*d**3/3 - 15*d**2/2 - 8*d + 6. Let o be s(-13). List the prime factors of (-3)/(-18) + 501/o.
2, 7
Let p(f) = -4*f + 0 + 1 + 3*f + f**3 - 7*f**2 + 0*f. Let m be p(3). Let y = m - -64. What are the prime factors of y?
2, 13
What are the prime factors of (-6*1405/50)/((-3)/25)?
5, 281
Let h = -2719 + 6105. List the prime factors of h.
2, 1693
What are the prime factors of (-6)/(-1 + -23) + 1675/4?
419
Suppose -5*p - f = 4*f + 5, -2*p = 5*f - 1. What are the prime factors of (-24)/((3 - 3) + p)?
2, 3
Let x be -196 - -6*(-8)/12. What are the prime factors of ((-54)/15)/(12/x)?
2, 3, 5
Let u(k) = 31*k**2 - 70*k + 34. List the prime factors of u(-11).
5, 911
Suppose 0 = 3*m - 4*r - 14576, -2*m - 19441 = -6*m - r. What are the prime factors of m?
2, 3, 5
Let r be ((-2)/(-6))/((-1)/(-18)). Suppose y + 37 = r*y + 4*a, 4*a = -y + 17. Suppose -y*m + 18 = -22. List the prime factors of m.
2
Let g(n) = n**3 + 8*n**2 + 6*n + 7. Let t be g(-7). Suppose -48 = -2*k + t. What are the prime factors of k?
31
Suppose -58*b - 4656 = -66*b. What are the prime factors of b?
2, 3, 97
Suppose 0 = 5*l - 7*l. Suppose l = -3*t + 86 + 94. What are the prime factors of t?
2, 3, 5
Let h = -1056 - -1542. List the prime factors of h.
2, 3
Let f(i) = 10*i - 33. Let y = -1 - -7. What are the prime factors of f(y)?
3
Let i(z) be the first derivative of -1/4*z**4 - 8*z + 2*z**3 + 11 - 3/2*z**2. What are the prime factors of i(4)?
2, 3
List the prime factors of (-579865)/(-99) + (-5)/(45/2).
5857
Suppose 0 = 12*l + 12*l + 672. Suppose -5*b + 2*b - 66 = 0. Let j = b - l. List the prime factors of j.
2, 3
Let l = 9 - 15. Let c = l - -69. List the prime factors of c.
3, 7
Let s = 326 + 46. List the prime factors of s.
2, 3, 31
Let n be 246 + (0 - -1) - (-18 + 15). What are the prime factors of n/((0 - -1)/((-11)/(-22)))?
5
Suppose c - 20 = 6*c. Let j be c/(-3 - 1) - 209. Let u = j - -292. What are the prime factors of u?
2, 3, 7
Suppose t - 5 = -5*p, p - 2*t = -0*t - 10. Suppose p*i = 5*l + 3*i + 21, 4*l + 18 = -2*i. Let s(v) = -v**2 - 9*v + 2. What are the prime factors of s(l)?
2, 5
Let h(u) = 3*u**2 + 5*u - 2. Let g = 5 - -1. What are the prime factors of h(g)?
2, 17
Let z(n) = 3*n**3 + n**2 - 6*n + 4. Let y be z(-3). Let a = -109 + 214. Let b = y + a. What are the prime factors of b?
5, 11
Let w be -137 + 4/(-20)*-5. List the prime factors of w/((-1)/2*4).
2, 17
Let q be (-1 + -1)*(-312 + (0 - 0)). Suppose 0 = 21*i - 15*i - q. What are the prime factors of i?
2, 13
Let w(h) = -348*h + 135. What are the prime factors of w(-5)?
3, 5
What are the prime factors of 83347/44 + 8/(-32)?
2, 947
Let v(j) = 1298*j + 44. What are the prime factors of v(1)?
2, 11, 61
Let g = -12 - -15. Let d be 3 - g/(-6)*2. Suppose -d*h + h = -102. What are the prime factors of h?
2, 17
Let h = 13 - 14. Let v = 43 + h. What are the prime factors of v?
2, 3, 7
Let r = -58 + 272. Let b = r + -148. What are the prime factors of b?
2, 3, 11
Let l = 13 - -2. Suppose -7*i = -4*i - l. Suppose -i = 4*f - 61. What are the prime factors of f?
2, 7
List the prime factors of 12/(-390)*-5 + 2260/13.
2, 3, 29
Suppose -105790 = -18*f - 30496. List the prime factors of f.
47, 89
Suppose 0 = 966*f - 964*f - 596. What are the prime factors of f?
2, 149
Let a(o) = 70*o**2 + 5*o - 6. List the prime factors of a(2).
2, 71
Let t be 0/((-1)/(1/(-3))). Suppose t = -c + 36 + 12. Suppose 5*i - c - 27 = 0. List the prime factors of i.
3, 5
Let n = 8855 - 5476. List the prime factors of n.
31, 109
Let t(i) = -i**3 + 6*i**2 + 8*i - 2. Let o be t(7). Suppose -67*k = -60*k - 14. What are the prime factors of k/((-6)/9) + o?
2
Let y(c) = c**2 - 8*c - 15. Let h = -7 - -19. What are the prime factors of y(h)?
3, 11
Let d(m) = 46*m**3 - 2*m**2 - 5*m - 3. Let s be d(-2). Let j = -175 - s. List the prime factors of j.
2, 97
Let z = 229 + -121. List the prime factors of z.
2, 3
Let r(a) = a**2 + 14*a + 13. Let m be r(-15). Suppose -3*i = -2*n - 26, 0 = -3*i - 0*i + n + m. List the prime factors of i.
2, 5
Suppose -r + 4*r = 36. Suppose 66 = r*o - 10*o. List the prime factors of o.
3, 11
Let f(m) = m + 9. Let c be f(-5). Suppose 132 = 2*v + c*s - s, 104 = 2*v - 4*s. What are the prime factors of v?
2, 3, 5
Let a be 3 + 1/(3/(-6)). Let b be (1/2)/(a/86). Let y = -18 + b. What are the prime factors of y?
5
Suppose -2*m - 3*m = -265. Suppose 21 = 3*d + 6. Suppose -a - d*w = -m, a + 58 = 3*a - 2*w. What are the prime factors of a?
3, 11
Let b be -3 + -3 + (-4)/2. Let l be 2/(16/30)*b. Let n = -23 - l. What are the prime factors of n?
7
Suppose -j = -978 + 136. Suppose 0*w + 4*w - 12 = 0, -4*w = 5*o - j. What are the prime factors of o?
2, 83
Suppose 40 = 6*p + 10. List the prime factors of -3 + 1/(p/1700).
337
Let o = 278 + -98. List the prime factors of o.
2, 3, 5
Let z be 1570/16 + 11/(-88). Let d = z + -43. What are the prime factors of d?
5, 11
Suppose -j + 197 = l, -3*j - 4*l + 0*l = -591. What are the prime factors of j?
197
Let b = -1447 - -1886. What are the prime factors of b?
439
Suppose 104 = -b + 5*b. Let s = b + -13. List the prime factors of s.
13
Suppose -f + 2491 = 256. List the prime factors of f.
3, 5, 149
Suppose -3429 = -14*b + 17319. List the prime factors of b.
2, 3, 13, 19
Suppose 4*l = 3 + 13. Suppose 123 = l*p - 4*r - 89, 5*p - 3*r - 275 = 0. What are the prime factors of p?
2, 29
Suppose 20 = 9*f - 5*f. Suppose 0 = -2*x - 2, i - 3*x - 19 = -0*x. Suppose y - i = -y + 4*j, 70 = f*y - 4*j. What are the prime factors of y?
2, 3
What are the prime factors of (657 - 69)/(3/8)?
2, 7
Suppose -2*h - 5*a = -2 + 29, -5*h 